ivided by 978.
8
What is the remainder when 109361 is divided by 583?
340
Calculate the remainder when 1859 is divided by 306.
23
Calculate the remainder when 4352 is divided by 526.
144
What is the remainder when 11016 is divided by 368?
344
What is the remainder when 4964 is divided by 36?
32
What is the remainder when 1743637 is divided by 314?
309
Calculate the remainder when 11796 is divided by 69.
66
Calculate the remainder when 2329 is divided by 21.
19
What is the remainder when 9741 is divided by 893?
811
What is the remainder when 2956139 is divided by 90?
89
What is the remainder when 4607 is divided by 47?
1
What is the remainder when 2576 is divided by 278?
74
Calculate the remainder when 18942 is divided by 18880.
62
Calculate the remainder when 2021 is divided by 16.
5
What is the remainder when 26089 is divided by 81?
7
What is the remainder when 713 is divided by 183?
164
Calculate the remainder when 381835 is divided by 138.
127
Calculate the remainder when 9177 is divided by 7.
0
What is the remainder when 16112 is divided by 1592?
192
What is the remainder when 6566 is divided by 729?
5
What is the remainder when 124737 is divided by 180?
177
Calculate the remainder when 566279 is divided by 110.
109
Calculate the remainder when 1624 is divided by 1067.
557
Calculate the remainder when 6767 is divided by 6764.
3
Calculate the remainder when 1982194 is divided by 343.
340
What is the remainder when 1350 is divided by 87?
45
Calculate the remainder when 135517 is divided by 44976.
589
What is the remainder when 30257 is divided by 1778?
31
What is the remainder when 119369 is divided by 28?
5
Calculate the remainder when 14040 is divided by 1058.
286
What is the remainder when 43843 is divided by 577?
568
Calculate the remainder when 106727 is divided by 12.
11
Calculate the remainder when 2197029 is divided by 55.
54
What is the remainder when 3190 is divided by 623?
75
What is the remainder when 214665 is divided by 6?
3
Calculate the remainder when 14836 is divided by 92.
24
Calculate the remainder when 7874 is divided by 784.
34
Calculate the remainder when 116813 is divided by 5.
3
What is the remainder when 294396 is divided by 64?
60
What is the remainder when 64679 is divided by 196?
195
Calculate the remainder when 82398 is divided by 327.
321
Calculate the remainder when 5946 is divided by 175.
171
What is the remainder when 155604 is divided by 38886?
60
What is the remainder when 36579 is divided by 589?
61
Calculate the remainder when 127 is divided by 27.
19
What is the remainder when 25561 is divided by 84?
25
What is the remainder when 10835 is divided by 35?
20
What is the remainder when 10085 is divided by 955?
535
What is the remainder when 16165 is divided by 42?
37
What is the remainder when 1406 is divided by 1382?
24
Calculate the remainder when 4234 is divided by 1303.
325
What is the remainder when 143698 is divided by 25?
23
Calculate the remainder when 112171 is divided by 36.
31
Calculate the remainder when 15102 is divided by 78.
48
Calculate the remainder when 45472 is divided by 17.
14
Calculate the remainder when 32374 is divided by 6474.
4
Calculate the remainder when 6170 is divided by 238.
220
Calculate the remainder when 457 is divided by 342.
115
Calculate the remainder when 3649 is divided by 3635.
14
Calculate the remainder when 1902 is divided by 278.
234
Calculate the remainder when 22025 is divided by 102.
95
Calculate the remainder when 11133 is divided by 3705.
18
Calculate the remainder when 151371 is divided by 50453.
12
Calculate the remainder when 77915 is divided by 15566.
85
What is the remainder when 20026 is divided by 169?
84
Calculate the remainder when 2829 is divided by 9.
3
What is the remainder when 18993 is divided by 2374?
1
What is the remainder when 1302 is divided by 413?
63
Calculate the remainder when 54108 is divided by 917.
5
What is the remainder when 1778 is divided by 66?
62
Calculate the remainder when 2597 is divided by 1289.
19
Calculate the remainder when 478247 is divided by 142.
133
What is the remainder when 1081 is divided by 207?
46
What is the remainder when 2613464 is divided by 571?
568
Calculate the remainder when 2655 is divided by 475.
280
What is the remainder when 1872 is divided by 414?
216
Calculate the remainder when 4338 is divided by 31.
29
What is the remainder when 42621 is divided by 38?
23
What is the remainder when 86809 is divided by 560?
9
What is the remainder when 76923 is divided by 15383?
8
Calculate the remainder when 14270 is divided by 155.
10
What is the remainder when 89432 is divided by 29806?
14
What is the remainder when 207893 is divided by 207893?
0
Calculate the remainder when 46127 is divided by 2713.
6
What is the remainder when 9158 is divided by 3757?
1644
Calculate the remainder when 231316 is divided by 14.
8
Calculate the remainder when 13235 is divided by 63.
5
What is the remainder when 66836 is divided by 20?
16
Calculate the remainder when 7673 is divided by 101.
98
Calculate the remainder when 247502 is divided by 1324.
1238
Calculate the remainder when 5422 is divided by 5324.
98
Calculate the remainder when 4493 is divided by 631.
76
Calculate the remainder when 17363 is divided by 2170.
3
Calculate the remainder when 4772 is divided by 1273.
953
What is the remainder when 200521 is divided by 200513?
8
Calculate the remainder when 15758 is divided by 719.
659
Calculate the remainder when 187195 is divided by 225.
220
What is the remainder when 632041 is divided by 7?
4
What is the remainder when 5258 is divided by 645?
98
What is the remainder when 35935 is divided by 2?
1
Calculate the remainder when 1431 is divided by 350.
31
What is the remainder when 8639 is divided by 246?
29
Calculate the remainder when 968626 is divided by 12.
10
Calculate the remainder when 8292 is divided by 4139.
14
What is the remainder when 83999 is divided by 48?
47
Calculate the remainder when 34617 is divided by 14.
9
Calculate the remainder when 547362 is divided by 97.
88
Calculate the remainder when 466696 is divided by 233339.
18
Calculate the remainder when 1829 is divided by 1241.
588
Calculate the remainder when 282 is divided by 120.
42
What is the remainder when 1193 is divided by 795?
398
Calculate the remainder when 7311 is divided by 53.
50
What is the remainder when 284980 is divided by 29?
26
What is the remainder when 405878 is divided by 40?
38
What is the remainder when 107887 is divided by 11?
10
What is the remainder when 68408 is divided by 183?
149
What is the remainder when 2861 is divided by 122?
55
Calculate the remainder when 69837 is divided by 119.
103
What is the remainder when 78465 is divided by 1353?
1344
What is the remainder when 13720 is divided by 165?
25
What is the remainder when 84825 is divided by 276?
93
What is the remainder when 154403 is divided by 137?
4
What is the remainder when 44768 is divided by 22356?
56
Calculate the remainder when 4665 is divided by 2233.
199
What is the remainder when 36001 is divided by 5977?
139
What is the remainder when 12860 is divided by 201?
197
Calculate the remainder when 2113 is divided by 200.
113
Calculate the remainder when 760 is divided by 379.
2
Calculate the remainder when 1411 is divided by 441.
88
What is the remainder when 1541 is divided by 90?
11
What is the remainder when 7466 is divided by 258?
242
Calculate the remainder when 259746 is divided by 92.
30
Calculate the remainder when 15649 is divided by 167.
118
What is the remainder when 20936 is divided by 7?
6
What is the remainder when 441 is divided by 137?
30
Calculate the remainder when 41507 is divided by 104.
11
Calculate the remainder when 2179857 is divided by 11.
9
What is the remainder when 14350 is divided by 46?
44
What is the remainder when 5082 is divided by 62?
60
What is the remainder when 31742 is divided by 1222?
1192
What is the remainder when 51115 is divided by 10222?
5
What is the remainder when 90214 is divided by 21?
19
What is the remainder when 91981 is divided by 37?
36
What is the remainder when 2348 is divided by 1150?
48
What is the remainder when 9421 is divided by 181?
9
What is the remainder when 28148 is divided by 575?
548
Calculate t